
True
Let y(a) = -a**2 + a - 2. Let m be y(-2). Let l be 482/5 - m/(-20). Suppose 3*j - 333 = -l. Is j a composite number?
False
Let j = -271 + 402. Is j a composite number?
False
Let p = 0 - -2. Suppose 2*n = 5*k - 1159, n + p*n - 242 = -k. Suppose -f + k = 3*r, -5*f + 138 = r + r. Is r prime?
True
Let b(z) = 19*z**2 + 4*z + 5. Is b(-4) composite?
False
Let c = 2 - -2. Suppose 7*v - 42 = c*v. Let k = -3 + v. Is k composite?
False
Let g(m) = -2*m**3 - 3*m**2 + m - 2. Is g(-4) composite?
True
Let t = -3 + 8. Suppose t*b = -4*n + 744, -2*n - 4*b + 370 = -b. Is n a composite number?
False
Let t = -127 - -432. Suppose 3*x - 268 = t. Is x composite?
False
Suppose -4*b + 447 + 357 = 0. Is b a prime number?
False
Let i be (-4)/14 - (-27404)/119. Is (i - -2)/1 - -3 a composite number?
True
Is (-8)/10 - (-4788)/60 composite?
False
Suppose d = 8 + 509. Is d composite?
True
Suppose 481 = 4*z + 5. Is z prime?
False
Suppose 4*x - 3472 = 2388. Is x prime?
False
Let b = 374 + -156. Suppose 2*a - 391 = 3*n, -2*a + a - 3*n = -b. Is a prime?
False
Let p = -34 + 180. Is p prime?
False
Let r = 586 + -234. Let c = r + -241. Is c a prime number?
False
Suppose 5*q + 20 = -4*f, -4*q - 11 = -4*f + 5. Suppose 8*d - 4*d - 812 = f. Is d a composite number?
True
Let x(n) = -4 - 4*n + 8*n**3 - 2*n**2 - n + 4*n. Let v be -1 + (-1 - -2 - -3). Is x(v) prime?
True
Suppose -3*x = -m + 61, -2*m + 117 = -4*x - x. Let q = 83 - m. Is q prime?
True
Suppose -3*n = 7*n - 4470. Is n a composite number?
True
Suppose 2*b + 5*x + 17 + 8 = 0, -5*x - 15 = 0. Let w(z) be the first derivative of z**3 + 3*z**2 + 2*z - 2. Is w(b) composite?
False
Let w = 12 - -12. Let m = w - -67. Is m a prime number?
False
Suppose 5*j - 5483 = 25232. Is j prime?
True
Let x = -3 - -9. Suppose 4*v - x*v + 6 = 0. Is v a prime number?
True
Let o = -47 + -18. Let g(m) = 29*m**2 - 2. Let y be g(2). Let x = y + o. Is x prime?
False
Let h(f) be the second derivative of -3*f**5/20 + f**3/3 + f**2/2 + f. Let t be h(-1). Suppose 2*d + d = 4*s - 136, t*s + 4*d = 90. Is s a prime number?
True
Let m(z) = 4*z**2 + 29*z + 8. Is m(-13) prime?
True
Let d(j) = -7*j**3 + 5*j**2 - 7*j - 91. Let k(o) = 6*o**3 - 4*o**2 + 6*o + 92. Let g(x) = 5*d(x) + 6*k(x). Is g(0) a prime number?
True
Is -499*1/(0 + -1) a composite number?
False
Let i(d) = -34*d + 8. Let s be i(-8). Let x = 845 - s. Is x composite?
True
Suppose 2391 = 5*c + 4*b, -1319 = -2*c - 2*b - 363. Is c a composite number?
False
Is -5*(-965)/(9 + -4) a prime number?
False
Let u(t) = -t**3 - 5*t**2 - 4*t. Let c be u(-5). Let w = 42 - c. Is w a composite number?
True
Let w be (-2 + -2)/(0 - 2). Suppose 192 = 3*p - 2*m - m, w*p + 2*m = 132. Is p prime?
False
Let y = 34 - -93. Is y composite?
False
Suppose -928 = -f + 3*x, 3*f - 4*x - 4695 = -2*f. Is f composite?
True
Let u(r) = -105*r + 1. Is u(-2) a prime number?
True
Let n(j) = j**3 - 2*j. Let s be n(2). Suppose -17 = -4*k - x - s, k - 4*x = -1. Suppose k*o + 0 - 117 = 0. Is o prime?
False
Let d be (4 + -8)*1/(-2). Suppose -14 = -5*s + 3*s - 4*n, -3*s + 13 = d*n. Is s a composite number?
False
Let k(x) = -3*x**2 - 4*x + 17. Let b(t) = -1. Suppose 4*i = -s - 9, 3*s = -2*i - 0*s - 17. Let g(l) = i*k(l) - 6*b(l). Is g(-8) a composite number?
False
Is (30/9)/5 - 27271/(-3) a prime number?
True
Let h = -78 + 399. Is h a prime number?
False
Suppose -25 = -2*g - 5. Suppose -4*p = 4*m - 576, -3*m - 1 = -g. Is p a prime number?
False
Let u be 3/((-3)/(-6)*-2). Let f(r) = -3*r. Is f(u) prime?
False
Suppose 3*d - 1386 + 417 = 0. Is d a prime number?
False
Let t(o) = -o**3 - 3*o**2 + 7*o + 3. Let f be t(-5). Let u = f + 13. Is u a composite number?
False
Suppose -8*k = -3*k - 895. Is k a composite number?
False
Let x = 2 - 2. Suppose -4*o + 6 + 6 = x. Suppose -1 - 146 = -o*q. Is q prime?
False
Let j be (-2)/(-9) + 22/(-18). Is (1 - -71) + -2 - j a composite number?
False
Let r = 72 - 31. Let b be (-12)/(4/10 - (-2 - -2)). Is r*1*b/(-6) composite?
True
Let z(s) = -2*s - 10. Let k be z(-7). Suppose -k*n + 325 = n. Is n prime?
False
Let q(v) = -34*v**3 - 2*v**2 - 2*v - 13. Is q(-3) prime?
False
Suppose -5*z + 47 = -58. Is z a composite number?
True
Let t(c) = 14*c**2 - 4*c + 2. Let x be t(2). Let g = -19 + x. Is g prime?
True
Let t(k) = k + 3. Let c be t(-3). Suppose 0*m - 6*m + 60 = 0. Let w = m + c. Is w a composite number?
True
Suppose -3*v - 1 = 14. Let u = -3 - v. Suppose 3*s - 4*h - 18 = -u*h, -s - 2 = 2*h. Is s a prime number?
False
Let n be -2 - (4/2 + -3). Let y(r) = 4*r**2 + r. Let p be y(n). Suppose -p - 1 = -2*j. Is j a composite number?
False
Let f(q) = 5*q - 4. Let j be f(-9). Suppose 2*b = -0*b + 204. Let r = b + j. Is r prime?
True
Suppose k - q = 4*q + 1396, -4*q = 3*k - 4245. Suppose -5*j + x = -x - 2341, 3*j - k = -2*x. Is j a composite number?
True
Let z(t) = -7*t + 2. Let p be 4/(8/(-2)) - 4. Is z(p) a prime number?
True
Let c(y) = -42*y - 3. Let m(o) = -126*o - 8. Let a(d) = -11*c(d) + 4*m(d). Let b(q) = -q - 6. Let t be b(-3). Is a(t) composite?
False
Suppose -y = 4*y - 4865. Is y a prime number?
False
Let h(k) = 7*k**2 + 4*k**3 - 7*k**3 - 2*k**3 - 7*k + 4*k**3. Is h(5) a composite number?
True
Suppose 0 = -4*u - 4*y + 1228, y = u + 3*u - 1228. Is u a composite number?
False
Let i(d) be the third derivative of 67*d**5/12 - d**4/8 - d**3/6 - 4*d**2. Is i(-1) prime?
True
Suppose 2*j + 418 = 4*j. Suppose -8 = -3*l + 4, -l + 244 = -2*h. Let c = h + j. Is c prime?
True
Let s(r) = -9*r - 3. Let f(n) = n**3 + 4*n**2 + 4. Let v be f(-4). Suppose v*y + 21 = -3. Is s(y) composite?
True
Let x be 5 + (0 - (5 - 2)). Suppose x*z - 3 = -z. Is ((-3)/(-9))/(z/195) prime?
False
Let r = 9 - 1. Is 4/r*190 - 1 prime?
False
Let r = -83 + 180. Is r a prime number?
True
Suppose -4*a + 3*v + 1731 = -56, 0 = -5*a - 4*v + 2257. Is a composite?
False
Let l(d) = d**2 - 4. Let h be l(3). Is 2 - (-63 - (-3 + h)) a composite number?
False
Let v = 247 + -84. Is v a composite number?
False
Let h = -7 - -7. Suppose -q + 2*d - 3*d + 155 = h, 5*d - 301 = -2*q. Is q a prime number?
False
Let o = 12 - -7. Let f = o - 4. Is f composite?
True
Let w(x) = -5*x**2 - 3*x + 4*x**2 - 8 + 19*x. Suppose 3*v - 3*y = v + 11, 3*v - 19 = 2*y. Is w(v) a composite number?
True
Suppose 0 = 3*w - 3*i - 6678, 8305 - 1617 = 3*w + 2*i. Is (w/6)/((-4)/(-6)) prime?
True
Suppose -2*t + 4*t + 3*r - 77 = 0, -5*r + 185 = 5*t. Let m = -62 + t. Is (-988)/m + (-2)/7 a composite number?
True
Let q(r) = 5*r + 15. Suppose 0*g - 4*g + 24 = 0. Let y(k) = -2*k - 7. Let t(b) = g*q(b) + 13*y(b). Is t(2) prime?
True
Let r(c) = -c**3 + 2*c**2 + 2*c + 1. Let f be r(-1). Let v(z) = 15*z**3 + 4*z**2 - 2*z - 1. Is v(f) a composite number?
False
Suppose -t + 224 + 12 = 4*v, -2*v + 2*t = -118. Is v prime?
True
Suppose q - 6498 = -2*t, 5*t + q - 6*q - 16215 = 0. Is t a prime number?
False
Let v(j) = j**3 - 6*j**2 + 13*j - 9. Is v(8) a prime number?
True
Let t(l) be the third derivative of l**5/60 + l**4/6 + 2*l**3/3 + 2*l**2. Let g be t(-5). Suppose -4*d + g*d - 195 = 0. Is d a prime number?
False
Suppose -4*z + 20 = u + 4*u, 0 = -3*u + 12. Suppose z = -d - 3*d + 1052. Is d a composite number?
False
Suppose 0*r + 3*r = -5*c + 5210, r + 4*c = 1739. Is r composite?
True
Suppose -6*f + 48 = -3*f. Suppose -2*m - m = 2*d - f, 10 = 2*d. Suppose m*q = 3*q - 11. Is q a prime number?
True
Let s be -40*((-9)/4 - 1). Let z = -3 + s. Is z a prime number?
True
Let y(m) = 4*m. Let i be y(3). Suppose -5*w - i = -42. Is w prime?
False
Let k(y) = y**3 + 5*y**2 - 5*y - 6. Is k(-5) composite?
False
Suppose u = 546 - 149. Is u a prime number?
True
Suppose 5*m - 16016 = -5*r + 889, -2*m + 8 = 0. Is r composite?
True
Let f = 48 + -17. Is f a prime number?
True
Suppose -15142 = -4*g - 3*f, 0*f + 11367 = 3*g - 3*f. Is g composite?
True
Suppose 0*p + 40 = 4*p. Let x = p - 6. Suppose x*k + 20 = 104. Is k prime?
False
Suppose 0*v - 15 = -5*v. Let k be 6/4*8/v. Suppose -4*m - 3*a = -112 - 79, -k*m + 2*a = -186. Is m composite?
False
Let k = -10 - -14. Suppose -4*g = -k*z - 968, -257 = -g + 2*z - 4*z. Is g composite?
True
Let z = -1 + 5. Is 393/6 - 2/z a composite number?
True
Suppose -2*z + 7*z = 15. Suppose -z*w + 158 = -w. Is w composite?
False
Suppose -3*w + 2167 = 2*j - 0*j, -10 = -5*j. Suppose -3*p + l = -395, 2*l + 201